{"id":1820,"date":"2020-09-30T17:33:18","date_gmt":"2020-09-30T15:33:18","guid":{"rendered":"https:\/\/ozenne.grafism.fr\/piscines-spas\/?page_id=1820"},"modified":"2022-07-18T15:27:02","modified_gmt":"2022-07-18T13:27:02","slug":"produits-saunas","status":"publish","type":"page","link":"https:\/\/www.ozenne.fr\/piscines-et-spas\/produits-saunas\/","title":{"rendered":"Produits SAUNA"},"content":{"rendered":"<div class=\"fusion-fullwidth fullwidth-box fusion-builder-row-1 fusion-flex-container hundred-percent-fullwidth non-hundred-percent-height-scrolling\" style=\"--awb-border-radius-top-left:0px;--awb-border-radius-top-right:0px;--awb-border-radius-bottom-right:0px;--awb-border-radius-bottom-left:0px;--awb-flex-wrap:wrap;\" ><div class=\"fusion-builder-row fusion-row fusion-flex-align-items-flex-start fusion-flex-content-wrap\" style=\"width:104% !important;max-width:104% !important;margin-left: calc(-4% \/ 2 );margin-right: calc(-4% \/ 2 );\"><div class=\"fusion-layout-column fusion_builder_column fusion-builder-column-0 fusion_builder_column_1_6 1_6 fusion-flex-column\" style=\"--awb-bg-size:cover;--awb-width-large:16.666666666667%;--awb-margin-top-large:15px;--awb-spacing-right-large:11.52%;--awb-margin-bottom-large:15px;--awb-spacing-left-large:11.52%;--awb-width-medium:100%;--awb-order-medium:0;--awb-spacing-right-medium:1.92%;--awb-spacing-left-medium:1.92%;--awb-width-small:100%;--awb-order-small:0;--awb-spacing-right-small:1.92%;--awb-spacing-left-small:1.92%;\"><div class=\"fusion-column-wrapper fusion-column-has-shadow fusion-flex-justify-content-flex-start fusion-content-layout-column\"><\/div><\/div><div class=\"fusion-layout-column fusion_builder_column fusion-builder-column-1 fusion_builder_column_2_3 2_3 fusion-flex-column\" style=\"--awb-padding-top:40px;--awb-padding-bottom:40px;--awb-bg-size:cover;--awb-width-large:66.666666666667%;--awb-margin-top-large:15px;--awb-spacing-right-large:2.88%;--awb-margin-bottom-large:15px;--awb-spacing-left-large:2.88%;--awb-width-medium:100%;--awb-order-medium:0;--awb-spacing-right-medium:1.92%;--awb-spacing-left-medium:1.92%;--awb-width-small:100%;--awb-order-small:0;--awb-spacing-right-small:1.92%;--awb-spacing-left-small:1.92%;\"><div class=\"fusion-column-wrapper fusion-column-has-shadow fusion-flex-justify-content-flex-start fusion-content-layout-column\"><div class=\"fusion-title title fusion-title-1 fusion-sep-none fusion-title-center fusion-title-text fusion-title-size-one\" style=\"--awb-text-color:#292b37;--awb-margin-top-small:0px;--awb-margin-right-small:0px;--awb-margin-bottom-small:10px;--awb-margin-left-small:0px;\"><h1 class=\"fusion-title-heading title-heading-center fusion-responsive-typography-calculated\" style=\"font-family:&quot;Spaced&quot;;margin:0;--fontSize:60;line-height:1.16;\">saunas<\/h1><\/div><div class=\"fusion-separator fusion-full-width-sep\" style=\"align-self: center;margin-left: auto;margin-right: auto;margin-bottom:10px;width:100%;\"><div class=\"fusion-separator-border sep-single\" style=\"--awb-height:20px;--awb-amount:20px;border-color:#009da0;border-top-width:2px;\"><\/div><\/div><div class=\"fusion-text fusion-text-1\"><p style=\"text-align: center;\">Les saunas sont des cabines \u00e0 chaleur s\u00e8che : l\u2019humidit\u00e9 est tr\u00e8s faible (max. 20 %) tandis que les temp\u00e9ratures peuvent atteindre 90-100 \u00b0C. Il s\u2019agit d\u2019espaces r\u00e9alis\u00e9s en bois de qualit\u00e9, avec des po\u00eales particuliers qui maintiennent une temp\u00e9rature constante. Ils offrent des moments de grande d\u00e9tente, aussi bien dans l\u2019intimit\u00e9 d&rsquo;une maison que dans des espaces publics.<\/p>\n<\/div><div class=\"fusion-separator fusion-full-width-sep\" style=\"align-self: center;margin-left: auto;margin-right: auto;margin-bottom:10px;width:100%;\"><div class=\"fusion-separator-border sep-single\" style=\"--awb-height:20px;--awb-amount:20px;border-color:#009da0;border-top-width:2px;\"><\/div><\/div><nav class=\"awb-menu awb-menu_row awb-menu_em-hover mobile-mode-collapse-to-button awb-menu_icons-left awb-menu_dc-yes mobile-trigger-fullwidth-off awb-menu_mobile-toggle awb-menu_indent-left mobile-size-full-absolute loading mega-menu-loading awb-menu_desktop awb-menu_dropdown awb-menu_expand-right awb-menu_transition-fade\" style=\"--awb-text-transform:none;--awb-justify-content:center;--awb-items-padding-right:20px;--awb-active-color:#009da0;--awb-submenu-text-transform:none;--awb-icons-hover-color:#009da0;--awb-main-justify-content:flex-start;--awb-mobile-justify:flex-start;--awb-mobile-caret-left:auto;--awb-mobile-caret-right:0;--awb-fusion-font-family-typography:inherit;--awb-fusion-font-style-typography:normal;--awb-fusion-font-weight-typography:400;--awb-fusion-font-family-submenu-typography:inherit;--awb-fusion-font-style-submenu-typography:normal;--awb-fusion-font-weight-submenu-typography:400;--awb-fusion-font-family-mobile-typography:inherit;--awb-fusion-font-style-mobile-typography:normal;--awb-fusion-font-weight-mobile-typography:400;\" aria-label=\"Menu catalogue\" data-breakpoint=\"0\" data-count=\"0\" data-transition-type=\"fade\" data-transition-time=\"300\" data-expand=\"right\"><ul id=\"menu-menu-catalogue\" class=\"fusion-menu awb-menu__main-ul awb-menu__main-ul_row\"><li  id=\"menu-item-2410\"  class=\"menu-item menu-item-type-post_type menu-item-object-page menu-item-2410 awb-menu__li awb-menu__main-li awb-menu__main-li_regular\"  data-item-id=\"2410\"><span class=\"awb-menu__main-background-default awb-menu__main-background-default_fade\"><\/span><span class=\"awb-menu__main-background-active awb-menu__main-background-active_fade\"><\/span><a  href=\"https:\/\/www.ozenne.fr\/piscines-et-spas\/piscines-2\/\" class=\"awb-menu__main-a awb-menu__main-a_regular\"><span class=\"menu-text\">PISCINE<\/span><\/a><\/li><li  id=\"menu-item-1895\"  class=\"menu-item menu-item-type-post_type menu-item-object-page menu-item-has-children menu-item-1895 awb-menu__li awb-menu__main-li awb-menu__main-li_regular\"  data-item-id=\"1895\"><span class=\"awb-menu__main-background-default awb-menu__main-background-default_fade\"><\/span><span class=\"awb-menu__main-background-active awb-menu__main-background-active_fade\"><\/span><a  href=\"https:\/\/www.ozenne.fr\/piscines-et-spas\/produits-spas\/\" class=\"awb-menu__main-a awb-menu__main-a_regular\"><span class=\"menu-text\">SPA<\/span><span class=\"awb-menu__open-nav-submenu-hover\"><\/span><\/a><button type=\"button\" aria-label=\"Open submenu of SPA\" aria-expanded=\"false\" class=\"awb-menu__open-nav-submenu_mobile awb-menu__open-nav-submenu_main\"><\/button><ul class=\"awb-menu__sub-ul awb-menu__sub-ul_main\"><li  id=\"menu-item-2004\"  class=\"menu-item menu-item-type-taxonomy menu-item-object-product_cat menu-item-2004 awb-menu__li awb-menu__sub-li\" ><a  href=\"https:\/\/www.ozenne.fr\/piscines-et-spas\/categorie-produit\/produits-spa\/hotspot\/\" class=\"awb-menu__sub-a\"><span>Hotspot\u00ae<\/span><\/a><\/li><li  id=\"menu-item-2005\"  class=\"menu-item menu-item-type-taxonomy menu-item-object-product_cat menu-item-2005 awb-menu__li awb-menu__sub-li\" ><a  href=\"https:\/\/www.ozenne.fr\/piscines-et-spas\/categorie-produit\/produits-spa\/limelight\/\" class=\"awb-menu__sub-a\"><span>Limelight\u00ae<\/span><\/a><\/li><li  id=\"menu-item-2003\"  class=\"menu-item menu-item-type-taxonomy menu-item-object-product_cat menu-item-2003 awb-menu__li awb-menu__sub-li\" ><a  href=\"https:\/\/www.ozenne.fr\/piscines-et-spas\/categorie-produit\/produits-spa\/highlife\/\" class=\"awb-menu__sub-a\"><span>Highlife\u00ae<\/span><\/a><\/li><\/ul><\/li><li  id=\"menu-item-1894\"  class=\"menu-item menu-item-type-post_type menu-item-object-page menu-item-1894 awb-menu__li awb-menu__main-li awb-menu__main-li_regular\"  data-item-id=\"1894\"><span class=\"awb-menu__main-background-default awb-menu__main-background-default_fade\"><\/span><span class=\"awb-menu__main-background-active awb-menu__main-background-active_fade\"><\/span><a  href=\"https:\/\/www.ozenne.fr\/piscines-et-spas\/produits-saunas\/\" class=\"awb-menu__main-a awb-menu__main-a_regular\"><span class=\"menu-text\">SAUNA<\/span><\/a><\/li><li  id=\"menu-item-1893\"  class=\"menu-item menu-item-type-post_type menu-item-object-page menu-item-1893 awb-menu__li awb-menu__main-li awb-menu__main-li_regular\"  data-item-id=\"1893\"><span class=\"awb-menu__main-background-default awb-menu__main-background-default_fade\"><\/span><span class=\"awb-menu__main-background-active awb-menu__main-background-active_fade\"><\/span><a  href=\"https:\/\/www.ozenne.fr\/piscines-et-spas\/produits-hammams\/\" class=\"awb-menu__main-a awb-menu__main-a_regular\"><span class=\"menu-text\">HAMMAM<\/span><\/a><\/li><\/ul><\/nav><\/div><\/div><div class=\"fusion-layout-column fusion_builder_column fusion-builder-column-2 fusion_builder_column_1_6 1_6 fusion-flex-column\" style=\"--awb-bg-size:cover;--awb-width-large:16.666666666667%;--awb-margin-top-large:15px;--awb-spacing-right-large:11.52%;--awb-margin-bottom-large:15px;--awb-spacing-left-large:11.52%;--awb-width-medium:100%;--awb-order-medium:0;--awb-spacing-right-medium:1.92%;--awb-spacing-left-medium:1.92%;--awb-width-small:100%;--awb-order-small:0;--awb-spacing-right-small:1.92%;--awb-spacing-left-small:1.92%;\"><div class=\"fusion-column-wrapper fusion-column-has-shadow fusion-flex-justify-content-flex-start fusion-content-layout-column\"><\/div><\/div><div class=\"fusion-layout-column fusion_builder_column fusion-builder-column-3 fusion_builder_column_1_1 1_1 fusion-flex-column\" style=\"--awb-bg-size:cover;--awb-width-large:100%;--awb-margin-top-large:15px;--awb-spacing-right-large:1.92%;--awb-margin-bottom-large:15px;--awb-spacing-left-large:1.92%;--awb-width-medium:100%;--awb-order-medium:0;--awb-spacing-right-medium:1.92%;--awb-spacing-left-medium:1.92%;--awb-width-small:100%;--awb-order-small:0;--awb-spacing-right-small:1.92%;--awb-spacing-left-small:1.92%;\"><div class=\"fusion-column-wrapper fusion-column-has-shadow fusion-flex-justify-content-flex-start fusion-content-layout-column\"><div class=\"fusion-woo-product-grid fusion-product-archive fusion-woo-product-grid-1 hide-rating hide-buttons\" style=\"--awb-grid-separator-color:#009da0;\"><ul class=\"products products-3\"><li class=\"product type-product post-2099 status-publish first instock product_cat-produits-sauna has-post-thumbnail shipping-taxable product-type-simple product-grid-view\">\n\t<div class=\"fusion-product-wrapper\">\n<a href=\"https:\/\/www.ozenne.fr\/piscines-et-spas\/produit\/sky\/\" class=\"product-images\" aria-label=\"SKY\">\n\n<div class=\"featured-image\">\n\t\t<img decoding=\"async\" width=\"500\" height=\"500\" src=\"https:\/\/www.ozenne.fr\/piscines-et-spas\/wp-content\/uploads\/sites\/4\/2021\/10\/sky-500x500.jpg\" class=\"attachment-woocommerce_thumbnail size-woocommerce_thumbnail wp-post-image\" alt=\"\" srcset=\"https:\/\/www.ozenne.fr\/piscines-et-spas\/wp-content\/uploads\/sites\/4\/2021\/10\/sky-66x66.jpg 66w, https:\/\/www.ozenne.fr\/piscines-et-spas\/wp-content\/uploads\/sites\/4\/2021\/10\/sky-100x100.jpg 100w, https:\/\/www.ozenne.fr\/piscines-et-spas\/wp-content\/uploads\/sites\/4\/2021\/10\/sky-150x150.jpg 150w, https:\/\/www.ozenne.fr\/piscines-et-spas\/wp-content\/uploads\/sites\/4\/2021\/10\/sky-200x200.jpg 200w, https:\/\/www.ozenne.fr\/piscines-et-spas\/wp-content\/uploads\/sites\/4\/2021\/10\/sky-300x300.jpg 300w, https:\/\/www.ozenne.fr\/piscines-et-spas\/wp-content\/uploads\/sites\/4\/2021\/10\/sky-400x400.jpg 400w, https:\/\/www.ozenne.fr\/piscines-et-spas\/wp-content\/uploads\/sites\/4\/2021\/10\/sky-500x500.jpg 500w, https:\/\/www.ozenne.fr\/piscines-et-spas\/wp-content\/uploads\/sites\/4\/2021\/10\/sky-600x600.jpg 600w, https:\/\/www.ozenne.fr\/piscines-et-spas\/wp-content\/uploads\/sites\/4\/2021\/10\/sky-700x700.jpg 700w, https:\/\/www.ozenne.fr\/piscines-et-spas\/wp-content\/uploads\/sites\/4\/2021\/10\/sky-768x768.jpg 768w, https:\/\/www.ozenne.fr\/piscines-et-spas\/wp-content\/uploads\/sites\/4\/2021\/10\/sky.jpg 775w\" sizes=\"(max-width: 500px) 100vw, 500px\" \/>\n\t\t\t\t\t\t<div class=\"cart-loading\"><i class=\"awb-icon-spinner\" aria-hidden=\"true\"><\/i><\/div>\n\t\t\t<\/div>\n<\/a>\n<div class=\"fusion-product-content\">\n\t<div class=\"product-details\">\n\t\t<div class=\"product-details-container\">\n<h3 class=\"product-title\">\n\t<a href=\"https:\/\/www.ozenne.fr\/piscines-et-spas\/produit\/sky\/\">\n\t\tSKY\t<\/a>\n<\/h3>\n<div class=\"fusion-price-rating\">\n\n\t\t<\/div>\n\t<\/div>\n<\/div>\n\n\n\t<div class=\"product-buttons\">\n\t\t<div class=\"fusion-content-sep sep-single sep-solid\"><\/div>\n\t\t<div class=\"product-buttons-container clearfix\">\n\n<a href=\"https:\/\/www.ozenne.fr\/piscines-et-spas\/produit\/sky\/\" class=\"show_details_button\" style=\"float:none;max-width:none;text-align:center;\">\n\tD\u00e9tails<\/a>\n\n\n\t<\/div>\n\t<\/div>\n\n\t<\/div> <\/div>\n<\/li>\n<li class=\"product type-product post-2105 status-publish instock product_cat-produits-sauna has-post-thumbnail shipping-taxable product-type-simple product-grid-view\">\n\t<div class=\"fusion-product-wrapper\">\n<a href=\"https:\/\/www.ozenne.fr\/piscines-et-spas\/produit\/one-s\/\" class=\"product-images\" aria-label=\"LOGICA S\">\n\n<div class=\"featured-image\">\n\t\t<img decoding=\"async\" width=\"500\" height=\"500\" src=\"https:\/\/www.ozenne.fr\/piscines-et-spas\/wp-content\/uploads\/sites\/4\/2021\/10\/logika-s-1-500x500.jpg\" class=\"attachment-woocommerce_thumbnail size-woocommerce_thumbnail wp-post-image\" alt=\"\" srcset=\"https:\/\/www.ozenne.fr\/piscines-et-spas\/wp-content\/uploads\/sites\/4\/2021\/10\/logika-s-1-66x66.jpg 66w, https:\/\/www.ozenne.fr\/piscines-et-spas\/wp-content\/uploads\/sites\/4\/2021\/10\/logika-s-1-100x100.jpg 100w, https:\/\/www.ozenne.fr\/piscines-et-spas\/wp-content\/uploads\/sites\/4\/2021\/10\/logika-s-1-150x150.jpg 150w, https:\/\/www.ozenne.fr\/piscines-et-spas\/wp-content\/uploads\/sites\/4\/2021\/10\/logika-s-1-200x200.jpg 200w, https:\/\/www.ozenne.fr\/piscines-et-spas\/wp-content\/uploads\/sites\/4\/2021\/10\/logika-s-1-300x300.jpg 300w, https:\/\/www.ozenne.fr\/piscines-et-spas\/wp-content\/uploads\/sites\/4\/2021\/10\/logika-s-1-400x400.jpg 400w, https:\/\/www.ozenne.fr\/piscines-et-spas\/wp-content\/uploads\/sites\/4\/2021\/10\/logika-s-1-500x500.jpg 500w, https:\/\/www.ozenne.fr\/piscines-et-spas\/wp-content\/uploads\/sites\/4\/2021\/10\/logika-s-1-600x600.jpg 600w, https:\/\/www.ozenne.fr\/piscines-et-spas\/wp-content\/uploads\/sites\/4\/2021\/10\/logika-s-1-700x700.jpg 700w, https:\/\/www.ozenne.fr\/piscines-et-spas\/wp-content\/uploads\/sites\/4\/2021\/10\/logika-s-1-768x768.jpg 768w, https:\/\/www.ozenne.fr\/piscines-et-spas\/wp-content\/uploads\/sites\/4\/2021\/10\/logika-s-1.jpg 785w\" sizes=\"(max-width: 500px) 100vw, 500px\" \/>\n\t\t\t\t\t\t<div class=\"cart-loading\"><i class=\"awb-icon-spinner\" aria-hidden=\"true\"><\/i><\/div>\n\t\t\t<\/div>\n<\/a>\n<div class=\"fusion-product-content\">\n\t<div class=\"product-details\">\n\t\t<div class=\"product-details-container\">\n<h3 class=\"product-title\">\n\t<a href=\"https:\/\/www.ozenne.fr\/piscines-et-spas\/produit\/one-s\/\">\n\t\tLOGICA S\t<\/a>\n<\/h3>\n<div class=\"fusion-price-rating\">\n\n\t\t<\/div>\n\t<\/div>\n<\/div>\n\n\n\t<div class=\"product-buttons\">\n\t\t<div class=\"fusion-content-sep sep-single sep-solid\"><\/div>\n\t\t<div class=\"product-buttons-container clearfix\">\n\n<a href=\"https:\/\/www.ozenne.fr\/piscines-et-spas\/produit\/one-s\/\" class=\"show_details_button\" style=\"float:none;max-width:none;text-align:center;\">\n\tD\u00e9tails<\/a>\n\n\n\t<\/div>\n\t<\/div>\n\n\t<\/div> <\/div>\n<\/li>\n<li class=\"product type-product post-2107 status-publish last instock product_cat-produits-sauna has-post-thumbnail shipping-taxable product-type-simple product-grid-view\">\n\t<div class=\"fusion-product-wrapper\">\n<a href=\"https:\/\/www.ozenne.fr\/piscines-et-spas\/produit\/bodylove-s\/\" class=\"product-images\" aria-label=\"BODYLOVE S\">\n\n<div class=\"featured-image\">\n\t\t<img decoding=\"async\" width=\"500\" height=\"503\" src=\"https:\/\/www.ozenne.fr\/piscines-et-spas\/wp-content\/uploads\/sites\/4\/2021\/10\/bodylove-s-500x503.jpg\" class=\"attachment-woocommerce_thumbnail size-woocommerce_thumbnail wp-post-image\" alt=\"\" srcset=\"https:\/\/www.ozenne.fr\/piscines-et-spas\/wp-content\/uploads\/sites\/4\/2021\/10\/bodylove-s-66x66.jpg 66w, https:\/\/www.ozenne.fr\/piscines-et-spas\/wp-content\/uploads\/sites\/4\/2021\/10\/bodylove-s-100x100.jpg 100w, https:\/\/www.ozenne.fr\/piscines-et-spas\/wp-content\/uploads\/sites\/4\/2021\/10\/bodylove-s-150x150.jpg 150w, https:\/\/www.ozenne.fr\/piscines-et-spas\/wp-content\/uploads\/sites\/4\/2021\/10\/bodylove-s-200x201.jpg 200w, https:\/\/www.ozenne.fr\/piscines-et-spas\/wp-content\/uploads\/sites\/4\/2021\/10\/bodylove-s-298x300.jpg 298w, https:\/\/www.ozenne.fr\/piscines-et-spas\/wp-content\/uploads\/sites\/4\/2021\/10\/bodylove-s-400x402.jpg 400w, https:\/\/www.ozenne.fr\/piscines-et-spas\/wp-content\/uploads\/sites\/4\/2021\/10\/bodylove-s-500x503.jpg 500w, https:\/\/www.ozenne.fr\/piscines-et-spas\/wp-content\/uploads\/sites\/4\/2021\/10\/bodylove-s-600x603.jpg 600w, https:\/\/www.ozenne.fr\/piscines-et-spas\/wp-content\/uploads\/sites\/4\/2021\/10\/bodylove-s-700x704.jpg 700w, https:\/\/www.ozenne.fr\/piscines-et-spas\/wp-content\/uploads\/sites\/4\/2021\/10\/bodylove-s-768x772.jpg 768w, https:\/\/www.ozenne.fr\/piscines-et-spas\/wp-content\/uploads\/sites\/4\/2021\/10\/bodylove-s.jpg 781w\" sizes=\"(max-width: 500px) 100vw, 500px\" \/>\n\t\t\t\t\t\t<div class=\"cart-loading\"><i class=\"awb-icon-spinner\" aria-hidden=\"true\"><\/i><\/div>\n\t\t\t<\/div>\n<\/a>\n<div class=\"fusion-product-content\">\n\t<div class=\"product-details\">\n\t\t<div class=\"product-details-container\">\n<h3 class=\"product-title\">\n\t<a href=\"https:\/\/www.ozenne.fr\/piscines-et-spas\/produit\/bodylove-s\/\">\n\t\tBODYLOVE S\t<\/a>\n<\/h3>\n<div class=\"fusion-price-rating\">\n\n\t\t<\/div>\n\t<\/div>\n<\/div>\n\n\n\t<div class=\"product-buttons\">\n\t\t<div class=\"fusion-content-sep sep-single sep-solid\"><\/div>\n\t\t<div class=\"product-buttons-container clearfix\">\n\n<a href=\"https:\/\/www.ozenne.fr\/piscines-et-spas\/produit\/bodylove-s\/\" class=\"show_details_button\" style=\"float:none;max-width:none;text-align:center;\">\n\tD\u00e9tails<\/a>\n\n\n\t<\/div>\n\t<\/div>\n\n\t<\/div> <\/div>\n<\/li>\n<li class=\"product type-product post-2108 status-publish first instock product_cat-produits-sauna has-post-thumbnail shipping-taxable product-type-simple product-grid-view\">\n\t<div class=\"fusion-product-wrapper\">\n<a href=\"https:\/\/www.ozenne.fr\/piscines-et-spas\/produit\/yoku\/\" class=\"product-images\" aria-label=\"YOKU\">\n\n<div class=\"featured-image\">\n\t\t<img decoding=\"async\" width=\"500\" height=\"500\" src=\"https:\/\/www.ozenne.fr\/piscines-et-spas\/wp-content\/uploads\/sites\/4\/2021\/10\/yoku-1-500x500.jpg\" class=\"attachment-woocommerce_thumbnail size-woocommerce_thumbnail wp-post-image\" alt=\"\" srcset=\"https:\/\/www.ozenne.fr\/piscines-et-spas\/wp-content\/uploads\/sites\/4\/2021\/10\/yoku-1-66x66.jpg 66w, https:\/\/www.ozenne.fr\/piscines-et-spas\/wp-content\/uploads\/sites\/4\/2021\/10\/yoku-1-100x100.jpg 100w, https:\/\/www.ozenne.fr\/piscines-et-spas\/wp-content\/uploads\/sites\/4\/2021\/10\/yoku-1-150x150.jpg 150w, https:\/\/www.ozenne.fr\/piscines-et-spas\/wp-content\/uploads\/sites\/4\/2021\/10\/yoku-1-200x200.jpg 200w, https:\/\/www.ozenne.fr\/piscines-et-spas\/wp-content\/uploads\/sites\/4\/2021\/10\/yoku-1-300x300.jpg 300w, https:\/\/www.ozenne.fr\/piscines-et-spas\/wp-content\/uploads\/sites\/4\/2021\/10\/yoku-1-400x400.jpg 400w, https:\/\/www.ozenne.fr\/piscines-et-spas\/wp-content\/uploads\/sites\/4\/2021\/10\/yoku-1-500x500.jpg 500w, https:\/\/www.ozenne.fr\/piscines-et-spas\/wp-content\/uploads\/sites\/4\/2021\/10\/yoku-1-600x600.jpg 600w, https:\/\/www.ozenne.fr\/piscines-et-spas\/wp-content\/uploads\/sites\/4\/2021\/10\/yoku-1-700x700.jpg 700w, https:\/\/www.ozenne.fr\/piscines-et-spas\/wp-content\/uploads\/sites\/4\/2021\/10\/yoku-1-768x768.jpg 768w, https:\/\/www.ozenne.fr\/piscines-et-spas\/wp-content\/uploads\/sites\/4\/2021\/10\/yoku-1.jpg 785w\" sizes=\"(max-width: 500px) 100vw, 500px\" \/>\n\t\t\t\t\t\t<div class=\"cart-loading\"><i class=\"awb-icon-spinner\" aria-hidden=\"true\"><\/i><\/div>\n\t\t\t<\/div>\n<\/a>\n<div class=\"fusion-product-content\">\n\t<div class=\"product-details\">\n\t\t<div class=\"product-details-container\">\n<h3 class=\"product-title\">\n\t<a href=\"https:\/\/www.ozenne.fr\/piscines-et-spas\/produit\/yoku\/\">\n\t\tYOKU\t<\/a>\n<\/h3>\n<div class=\"fusion-price-rating\">\n\n\t\t<\/div>\n\t<\/div>\n<\/div>\n\n\n\t<div class=\"product-buttons\">\n\t\t<div class=\"fusion-content-sep sep-single sep-solid\"><\/div>\n\t\t<div class=\"product-buttons-container clearfix\">\n\n<a href=\"https:\/\/www.ozenne.fr\/piscines-et-spas\/produit\/yoku\/\" class=\"show_details_button\" style=\"float:none;max-width:none;text-align:center;\">\n\tD\u00e9tails<\/a>\n\n\n\t<\/div>\n\t<\/div>\n\n\t<\/div> <\/div>\n<\/li>\n<\/ul><div class=\"fusion-woo-product-grid-pagination fusion-clearfix\"><\/div><\/div><\/div><\/div><div class=\"fusion-layout-column fusion_builder_column fusion-builder-column-4 fusion_builder_column_1_1 1_1 fusion-flex-column\" style=\"--awb-bg-size:cover;--awb-width-large:100%;--awb-margin-top-large:15px;--awb-spacing-right-large:1.92%;--awb-margin-bottom-large:15px;--awb-spacing-left-large:1.92%;--awb-width-medium:100%;--awb-order-medium:0;--awb-spacing-right-medium:1.92%;--awb-spacing-left-medium:1.92%;--awb-width-small:100%;--awb-order-small:0;--awb-spacing-right-small:1.92%;--awb-spacing-left-small:1.92%;\"><div class=\"fusion-column-wrapper fusion-column-has-shadow fusion-flex-justify-content-flex-start fusion-content-layout-column\"><div class=\"woocommerce columns-3 \"><\/div><\/div><\/div><div class=\"fusion-layout-column fusion_builder_column fusion-builder-column-5 fusion_builder_column_1_1 1_1 fusion-flex-column\" style=\"--awb-bg-size:cover;--awb-width-large:100%;--awb-margin-top-large:15px;--awb-spacing-right-large:1.92%;--awb-margin-bottom-large:15px;--awb-spacing-left-large:1.92%;--awb-width-medium:100%;--awb-order-medium:0;--awb-spacing-right-medium:1.92%;--awb-spacing-left-medium:1.92%;--awb-width-small:100%;--awb-order-small:0;--awb-spacing-right-small:1.92%;--awb-spacing-left-small:1.92%;\"><div class=\"fusion-column-wrapper fusion-column-has-shadow fusion-flex-justify-content-flex-start fusion-content-layout-column\">\t\t<div class=\"flex-btn\">\n\t\t\t<a class=\"retour\" href=\"javascript:history.back()\"> | Retour<\/a>\n\t\t<\/div><\/div><\/div><\/div><\/div>\n","protected":false},"excerpt":{"rendered":"","protected":false},"author":1,"featured_media":0,"parent":0,"menu_order":0,"comment_status":"closed","ping_status":"closed","template":"100-width.php","meta":{"footnotes":""},"class_list":["post-1820","page","type-page","status-publish","hentry"],"_links":{"self":[{"href":"https:\/\/www.ozenne.fr\/piscines-et-spas\/wp-json\/wp\/v2\/pages\/1820","targetHints":{"allow":["GET"]}}],"collection":[{"href":"https:\/\/www.ozenne.fr\/piscines-et-spas\/wp-json\/wp\/v2\/pages"}],"about":[{"href":"https:\/\/www.ozenne.fr\/piscines-et-spas\/wp-json\/wp\/v2\/types\/page"}],"author":[{"embeddable":true,"href":"https:\/\/www.ozenne.fr\/piscines-et-spas\/wp-json\/wp\/v2\/users\/1"}],"replies":[{"embeddable":true,"href":"https:\/\/www.ozenne.fr\/piscines-et-spas\/wp-json\/wp\/v2\/comments?post=1820"}],"version-history":[{"count":6,"href":"https:\/\/www.ozenne.fr\/piscines-et-spas\/wp-json\/wp\/v2\/pages\/1820\/revisions"}],"predecessor-version":[{"id":2422,"href":"https:\/\/www.ozenne.fr\/piscines-et-spas\/wp-json\/wp\/v2\/pages\/1820\/revisions\/2422"}],"wp:attachment":[{"href":"https:\/\/www.ozenne.fr\/piscines-et-spas\/wp-json\/wp\/v2\/media?parent=1820"}],"curies":[{"name":"wp","href":"https:\/\/api.w.org\/{rel}","templated":true}]}}